{"id":61,"date":"2021-02-20T17:39:03","date_gmt":"2021-02-20T16:39:03","guid":{"rendered":"http:\/\/neu.stv-rethel.de\/index.php\/homepage\/"},"modified":"2021-02-20T18:02:23","modified_gmt":"2021-02-20T17:02:23","slug":"homepage","status":"publish","type":"page","link":"https:\/\/neu.stv-rethel.de\/","title":{"rendered":"Homepage"},"content":{"rendered":"<div id=\"pl-61\"  class=\"panel-layout\" ><div id=\"pg-61-0\"  class=\"panel-grid panel-no-style\" ><div id=\"pgc-61-0-0\"  class=\"panel-grid-cell\" ><div id=\"panel-61-0-0-0\" class=\"so-panel widget widget_sow-editor panel-first-child panel-last-child\" data-index=\"0\" ><div class=\"so-widget-sow-editor so-widget-sow-editor-base\">\n<div class=\"siteorigin-widget-tinymce textwidget\">\n\t<p><strong>STV Rethel \u2013 Fit bleiben mit Spa\u00df-Faktor<\/strong><\/p>\n<p>Unser Verein STV (Sch\u00fcler Turn Verein) Rethel e. V. besteht bereits seit mehr als 50 Jahren und wurde damals von Sch\u00fclern und Lehrern des damaligen Rethel-Gymnasium gegr\u00fcndet. Aktuell haben wir etwa 80 Mitglieder \u2013 vom Kleinkind bis zum Senior. Damals wie heute zeichnet uns vor allem eins aus: Neben den sportlichen Aktivit\u00e4ten wie Fitnesstraining, Nordic-Walking, Eltern-Kind-Turnen oder Basketball hat bei uns vor allem der gesellige Aspekt eine gro\u00dfe Bedeutung. Deshalb treffen wir uns auch au\u00dferhalb der Sporthalle gerne auf ein \u201eBierchen nach dem Sport\u201c, gehen auf gemeinsame Fahrradtouren im Sommer oder unternehmen Vereinsausfl\u00fcge am Wochenende \u2013 zum Beispiel an die Nordsee oder in die Eifel.<\/p>\n<p>Wir freuen uns immer \u00fcber neue Mitglieder und laden Dich herzlich ein, gerne bei uns vorbei zu schauen und unverbindlich einmal mit zu trainieren, wenn unser Angebot Dir gef\u00e4llt.<\/p>\n<p>Um Dich zum Probetraining anzumelden oder wenn Du Fragen zu unserem Verein hast, nimm doch gerne \u00fcber das <a title=\"Kontaktformular\" href=\"http:\/\/www.stv-rethel.de\/wordpress\/kontakt\/\">Kontaktformular<\/a> Kontakt zu uns auf.<\/p>\n<p>Wir freuen uns \u00fcber Deine Nachricht und neue sportbegeisterte Mitglieder in unserem Verein!<\/p>\n<\/div>\n<\/div><\/div><\/div><\/div><div id=\"pg-61-1\"  class=\"panel-grid panel-no-style\" ><div id=\"pgc-61-1-0\"  class=\"panel-grid-cell\" ><div id=\"panel-61-1-0-0\" class=\"so-panel widget widget_circleicon-widget panel-first-child panel-last-child\" data-index=\"1\" >\t\t<div class=\"circle-icon-box circle-icon-position-top circle-icon-hide-box circle-icon-size-large \">\n\t\t\t\t\t\t\t<div class=\"circle-icon-wrapper\">\n\t\t\t\t\t\t\t\t\t\t<div class=\"circle-icon icon-style-set\" style=\"background-image: url(http:\/\/neu.stv-rethel.de\/wp-content\/uploads\/2021\/02\/Button_STV_Fitness.png)\">\n\t\t\t\t\t\t\t\t\t\t\t<\/div> \n\t\t\t\t\t\t\t\t\t<\/div>\n\t\t\t\n\t\t\t\t\t\t\t\t\t\t<h4 >\n\t\t\t\t\tFitness\t\t\t\t<\/h4>\n\t\t\t\t\t\t\n\t\t\t\t\t\t\t<p class=\"text\" >Mit Hanteln, Thera-B\u00e4ndern oder Kleinger\u00e4ten st\u00e4rken wir jeden Mittwochabend vielf\u00e4ltig Deine Fitness.<\/p>\n\t\t\t\t\t\t\t\t\t\t<a href=\"#\" class=\"more-button\" >weitere Informationen <i><\/i><\/a>\n\t\t\t\t\t<\/div>\n\t\t<\/div><\/div><div id=\"pgc-61-1-1\"  class=\"panel-grid-cell\" ><div id=\"panel-61-1-1-0\" class=\"so-panel widget widget_circleicon-widget panel-first-child panel-last-child\" data-index=\"2\" >\t\t<div class=\"circle-icon-box circle-icon-position-top circle-icon-hide-box circle-icon-size-large \">\n\t\t\t\t\t\t\t<div class=\"circle-icon-wrapper\">\n\t\t\t\t\t\t\t\t\t\t<div class=\"circle-icon icon-style-set\" style=\"background-image: url(http:\/\/neu.stv-rethel.de\/wp-content\/uploads\/2021\/02\/Button_STV_Mutter_Kind.png)\">\n\t\t\t\t\t\t\t\t\t\t\t<\/div> \n\t\t\t\t\t\t\t\t\t<\/div>\n\t\t\t\n\t\t\t\t\t\t\t\t\t\t<h4 >\n\t\t\t\t\tEltern-Kind\t\t\t\t<\/h4>\n\t\t\t\t\t\t\n\t\t\t\t\t\t\t<p class=\"text\" >Eltern und ihren Kindern bieten wir jeden Mittwochnachmittag ein abwechslungsreiches Bewegungsprogramm.<\/p>\n\t\t\t\t\t\t\t\t\t\t<a href=\"#\" class=\"more-button\" >weitere Informationen <i><\/i><\/a>\n\t\t\t\t\t<\/div>\n\t\t<\/div><\/div><div id=\"pgc-61-1-2\"  class=\"panel-grid-cell\" ><div id=\"panel-61-1-2-0\" class=\"so-panel widget widget_circleicon-widget panel-first-child panel-last-child\" data-index=\"3\" >\t\t<div class=\"circle-icon-box circle-icon-position-top circle-icon-hide-box circle-icon-size-large \">\n\t\t\t\t\t\t\t<div class=\"circle-icon-wrapper\">\n\t\t\t\t\t\t\t\t\t\t<div class=\"circle-icon icon-style-set\" style=\"background-image: url(http:\/\/neu.stv-rethel.de\/wp-content\/uploads\/2021\/02\/Button_STV_Basketball-2.png)\">\n\t\t\t\t\t\t\t\t\t\t\t<\/div> \n\t\t\t\t\t\t\t\t\t<\/div>\n\t\t\t\n\t\t\t\t\t\t\t\t\t\t<h4 >\n\t\t\t\t\tBasketball\t\t\t\t<\/h4>\n\t\t\t\t\t\t\n\t\t\t\t\t\t\t<p class=\"text\" >2 Stunden Training am Ball mit viel Spa\u00df und voller Power gibt es bei uns jeden Mittwoch und Freitag Abend beim Basketball-Training<\/p>\n\t\t\t\t\t\t\t\t\t\t<a href=\"#\" class=\"more-button\" >weitere Informationen <i><\/i><\/a>\n\t\t\t\t\t<\/div>\n\t\t<\/div><\/div><div id=\"pgc-61-1-3\"  class=\"panel-grid-cell\" ><div id=\"panel-61-1-3-0\" class=\"so-panel widget widget_circleicon-widget panel-first-child panel-last-child\" data-index=\"4\" >\t\t<div class=\"circle-icon-box circle-icon-position-top circle-icon-hide-box circle-icon-size-large \">\n\t\t\t\t\t\t\t<div class=\"circle-icon-wrapper\">\n\t\t\t\t\t\t\t\t\t\t<div class=\"circle-icon icon-style-set\" style=\"background-image: url(http:\/\/neu.stv-rethel.de\/wp-content\/uploads\/2021\/02\/Button_STV_Walking.png)\">\n\t\t\t\t\t\t\t\t\t\t\t<\/div> \n\t\t\t\t\t\t\t\t\t<\/div>\n\t\t\t\n\t\t\t\t\t\t\t\t\t\t<h4 >\n\t\t\t\t\tNordic Walking\t\t\t\t<\/h4>\n\t\t\t\t\t\t\n\t\t\t\t\t\t\t<p class=\"text\" >Natur und Sport vereint gibt es bei uns jeden Sonntagmorgen mit der Nordic Walking-Runde im Aaper und Grafenberger Wald.<\/p>\n\t\t\t\t\t\t\t\t\t\t<a href=\"#\" class=\"more-button\" >weitere Informationen <i><\/i><\/a>\n\t\t\t\t\t<\/div>\n\t\t<\/div><\/div><\/div><\/div>","protected":false},"excerpt":{"rendered":"<p>STV Rethel \u2013 Fit bleiben mit Spa\u00df-Faktor Unser Verein STV (Sch\u00fcler Turn Verein) Rethel e. V. besteht bereits seit mehr als 50 Jahren und wurde damals von Sch\u00fclern und Lehrern des damaligen Rethel-Gymnasium gegr\u00fcndet. Aktuell haben wir etwa 80 Mitglieder \u2013 vom Kleinkind bis zum Senior. Damals wie heute zeichnet uns vor allem eins aus: [&hellip;]<\/p>\n","protected":false},"author":1,"featured_media":0,"parent":0,"menu_order":0,"comment_status":"closed","ping_status":"closed","template":"home-panels.php","meta":{"footnotes":""},"class_list":["post-61","page","type-page","status-publish","hentry","post"],"_links":{"self":[{"href":"https:\/\/neu.stv-rethel.de\/index.php\/wp-json\/wp\/v2\/pages\/61","targetHints":{"allow":["GET"]}}],"collection":[{"href":"https:\/\/neu.stv-rethel.de\/index.php\/wp-json\/wp\/v2\/pages"}],"about":[{"href":"https:\/\/neu.stv-rethel.de\/index.php\/wp-json\/wp\/v2\/types\/page"}],"author":[{"embeddable":true,"href":"https:\/\/neu.stv-rethel.de\/index.php\/wp-json\/wp\/v2\/users\/1"}],"replies":[{"embeddable":true,"href":"https:\/\/neu.stv-rethel.de\/index.php\/wp-json\/wp\/v2\/comments?post=61"}],"version-history":[{"count":1,"href":"https:\/\/neu.stv-rethel.de\/index.php\/wp-json\/wp\/v2\/pages\/61\/revisions"}],"predecessor-version":[{"id":62,"href":"https:\/\/neu.stv-rethel.de\/index.php\/wp-json\/wp\/v2\/pages\/61\/revisions\/62"}],"wp:attachment":[{"href":"https:\/\/neu.stv-rethel.de\/index.php\/wp-json\/wp\/v2\/media?parent=61"}],"curies":[{"name":"wp","href":"https:\/\/api.w.org\/{rel}","templated":true}]}}